{"id":39,"date":"2021-09-22T16:34:23","date_gmt":"2021-09-22T16:34:23","guid":{"rendered":"https:\/\/www.saint-medard-la-rochette.fr\/?page_id=39"},"modified":"2025-06-30T10:19:38","modified_gmt":"2025-06-30T10:19:38","slug":"associations","status":"publish","type":"page","link":"https:\/\/www.saint-medard-la-rochette.fr\/?page_id=39","title":{"rendered":"Associations"},"content":{"rendered":"\t\t<div data-elementor-type=\"wp-page\" data-elementor-id=\"39\" class=\"elementor elementor-39\">\n\t\t\t\t\t\t<section class=\"elementor-section elementor-top-section elementor-element elementor-element-de18b1c elementor-section-height-min-height elementor-section-boxed elementor-section-height-default elementor-section-items-middle\" data-id=\"de18b1c\" data-element_type=\"section\" data-e-type=\"section\" data-settings=\"{&quot;background_background&quot;:&quot;classic&quot;}\">\n\t\t\t\t\t\t<div class=\"elementor-container elementor-column-gap-default\">\n\t\t\t\t\t<div class=\"elementor-column elementor-col-100 elementor-top-column elementor-element elementor-element-ab5e3e4\" data-id=\"ab5e3e4\" data-element_type=\"column\" data-e-type=\"column\">\n\t\t\t<div class=\"elementor-widget-wrap elementor-element-populated\">\n\t\t\t\t\t\t<div class=\"elementor-element elementor-element-0187efb elementor-widget elementor-widget-heading\" data-id=\"0187efb\" data-element_type=\"widget\" data-e-type=\"widget\" data-widget_type=\"heading.default\">\n\t\t\t\t<div class=\"elementor-widget-container\">\n\t\t\t\t\t<h2 class=\"elementor-heading-title elementor-size-default\">Associations<\/h2>\t\t\t\t<\/div>\n\t\t\t\t<\/div>\n\t\t\t\t\t<\/div>\n\t\t<\/div>\n\t\t\t\t\t<\/div>\n\t\t<\/section>\n\t\t\t\t<section class=\"elementor-section elementor-top-section elementor-element elementor-element-fb44cb2 elementor-section-boxed elementor-section-height-default elementor-section-height-default\" data-id=\"fb44cb2\" data-element_type=\"section\" data-e-type=\"section\">\n\t\t\t\t\t\t<div class=\"elementor-container elementor-column-gap-default\">\n\t\t\t\t\t<div class=\"elementor-column elementor-col-100 elementor-top-column elementor-element elementor-element-0c2a3ae\" data-id=\"0c2a3ae\" data-element_type=\"column\" data-e-type=\"column\">\n\t\t\t<div class=\"elementor-widget-wrap\">\n\t\t\t\t\t\t\t<\/div>\n\t\t<\/div>\n\t\t\t\t\t<\/div>\n\t\t<\/section>\n\t\t\t\t<section class=\"elementor-section elementor-top-section elementor-element elementor-element-c9c12fa elementor-section-boxed elementor-section-height-default elementor-section-height-default\" data-id=\"c9c12fa\" data-element_type=\"section\" data-e-type=\"section\">\n\t\t\t\t\t\t<div class=\"elementor-container elementor-column-gap-default\">\n\t\t\t\t\t<div class=\"elementor-column elementor-col-100 elementor-top-column elementor-element elementor-element-575b50e\" data-id=\"575b50e\" data-element_type=\"column\" data-e-type=\"column\">\n\t\t\t<div class=\"elementor-widget-wrap elementor-element-populated\">\n\t\t\t\t\t\t<div class=\"elementor-element elementor-element-8d53e4e elementor-widget elementor-widget-text-editor\" data-id=\"8d53e4e\" data-element_type=\"widget\" data-e-type=\"widget\" data-widget_type=\"text-editor.default\">\n\t\t\t\t<div class=\"elementor-widget-container\">\n\t\t\t\t\t\t\t\t\t<div class=\"page\" title=\"Page 8\"><div class=\"layoutArea\"><div class=\"column\"><p><strong><span style=\"color: #333333;\">ACCA<\/span><br \/><\/strong>Association Communale de Chasse Agre\u0301e\u0301e<br \/>Contact : Thierry JAMOT au 05 55 62 39 10<\/p><p><span style=\"color: #333333;\"><strong>APERPIFA<\/strong><\/span><br \/>L\u2019association des parents d\u2019e\u0301le\u0300ves du regroupement pe\u0301dagogique intercommunal FOURNEAUX et ARS se mobilise chaque anne\u0301e et organise des manifestations afin de participer financie\u0300rement et humainement aux sorties et besoins scolaires de nos enfants.<\/p><p>Contact : 06 95 20 90 10 <span style=\"color: #333399;\"><a style=\"color: #333399;\" href=\"mailto:aperpifa@gmail.com\" target=\"_blank\" rel=\"noopener\">aperpifa@gmail.com<\/a><\/span><\/p><p><strong><span style=\"color: #333333;\">APROART<\/span><br \/><\/strong>Association ayant pour but de de\u0301couvrir, attirer, soutenir des artistes par le biais d\u2019expositions vente et d\u2019ateliers d\u2019artistes.<\/p><p>Contact : Olivier SEBENNE au 06 10 07 93 90 <span style=\"color: #333399;\"><a style=\"color: #333399;\" href=\"mailto:asso.aproart@gmail.com\" target=\"_blank\" rel=\"noopener\">asso.aproart@gmail.com<\/a><\/span><\/p><div class=\"page\" title=\"Page 8\"><div class=\"layoutArea\"><div class=\"column\"><p><span style=\"color: #333333;\"><strong>AUPRE\u0300S DE NOS ARBRES<\/strong><\/span><\/p><\/div><\/div><\/div><div class=\"page\" title=\"Page 9\"><div class=\"layoutArea\"><div class=\"column\"><p>L\u2019association a pour but de veiller a\u0300 la pre\u0301servation et a\u0300 la de\u0301fense de l\u2019environnement naturel et patrimonial des sections des villages de Ceyvat, La Chave, Maneyraux et Satagnat.<\/p><\/div><\/div><div class=\"layoutArea\"><div class=\"column\"><p>Contact : Fanny DESCHAMPS au 06.08.83.19.19<\/p><\/div><\/div><\/div><p><strong><span style=\"color: #333333;\">CLUB DES AINES DU GOSNE<\/span><br \/><\/strong>Le club des ai\u0302ne\u0301s du Gosne vous accueille une fois par mois pour des re\u0301unions d\u2019e\u0301change, des moments de de\u0301tente et de rencontre.<\/p><p>Contact : Brigitte AUMEUNIER au 06 86 80 76 33<\/p><p><strong><a href=\"https:\/\/www.facebook.com\/Comit%C3%A9-des-f%C3%AAtes-St-M%C3%A9dard-La-Rochette-106194901671269\" target=\"_blank\" rel=\"noopener\"><span style=\"color: #333333;\">COMITE\u0301 DES FE\u0302TES<\/span><\/a><br \/><\/strong>Le comite\u0301 organise re\u0301gulie\u0300rement des journe\u0301es festives (repas, brocantes, tournoi de pe\u0301tanque&#8230;)<\/p><p>Contacts : V\u00e9ronique DION, Fabrice MATHIVET et Chantal JAMET au 05 55 62 36 64<\/p><p><strong><span style=\"color: #333333;\">FRANGLISH<\/span><br \/><\/strong>L\u2019association se retrouve tous les mardis, pour aborder divers sujets, en anglais ou en franc\u0327ais, au fil de l\u2019actualite\u0301 et de l\u2019inte\u0301re\u0302t des participants. Des rencontres insolites, dans la bonne humeur, en bonne compagnie, et en toute convivialite\u0301.<\/p><p>The association have been meeting every Tuesday, to talk about what is happening in our lives, in the Creuse, in France or in the wider world, in English or French. Unusual encounters, in a good mood, in good company, and in a friendly atmosphere.<\/p><p>Contacts : Sally et Ian ANGUS au 05 55 67 56 48 <span style=\"color: #333399;\"><a style=\"color: #333399;\" href=\"mailto:ifangus@hotmail.co.uk\" target=\"_blank\" rel=\"noopener\">ifangus@hotmail.co.uk<\/a><\/span><\/p><p><strong><span style=\"color: #333333;\">LA SAINT ROCHETTOISE<\/span><br \/><\/strong>L\u2019association vous propose des ateliers cre\u0301atifs (Scrap Booking, stages d\u2019aquarelle, dessins, ateliers cartes de v\u0153ux, albums photos&#8230;)<\/p><p>Contact : Lucette BUHOUR au 06 41 80 49 37<\/p><p><strong><span style=\"color: #333333;\">LE TEMPS DES COPEAUX<\/span><br \/><\/strong>Atelier de partage et d&rsquo;envies, autour des savoir-faire traditionnels. Des projets \u00e9thiques et \u00e9cologiques voient le jour, \u00e0 base de bois de r\u00e9cup&rsquo; et de mat\u00e9riaux de seconde main, pour leur donner une nouvelle vie. L&rsquo;association a \u00e9t\u00e9 imagin\u00e9e pour f\u00e9d\u00e9rer, prendre le temps d&rsquo;\u00e9laborer des pi\u00e8ces uniques et faire vivre les passions des uns et des autres dans une ambiance chaleureuse.<\/p><p><em><u>Ouverture de l\u2019atelier\u00a0:<\/u><\/em><em> les vendredis et samedis de 14h \u00e0 18h30\u00a0;\u00a0<\/em><\/p><p>Sur inscription au 06.71.37.50.65\u00a0; adh\u00e9sion 25\u20ac\/trimestre.<\/p><p><span style=\"color: #333399;\">letempsdescopeaux@mailo.fr<\/span><\/p><\/div><\/div><\/div>\t\t\t\t\t\t\t\t<\/div>\n\t\t\t\t<\/div>\n\t\t\t\t\t<\/div>\n\t\t<\/div>\n\t\t\t\t\t<\/div>\n\t\t<\/section>\n\t\t\t\t<\/div>\n\t\t","protected":false},"excerpt":{"rendered":"<p>Associations ACCAAssociation Communale de Chasse Agre\u0301e\u0301eContact : Thierry JAMOT au 05 55 62 39 10 APERPIFAL\u2019association des parents d\u2019e\u0301le\u0300ves du regroupement pe\u0301dagogique intercommunal FOURNEAUX et ARS se mobilise chaque anne\u0301e et organise des manifestations afin de participer financie\u0300rement et humainement aux sorties et besoins scolaires de nos enfants. Contact : 06 95 20 90 10 [&hellip;]<\/p>\n","protected":false},"author":1,"featured_media":0,"parent":0,"menu_order":0,"comment_status":"closed","ping_status":"closed","template":"elementor_header_footer","meta":{"_monsterinsights_skip_tracking":false,"_monsterinsights_sitenote_active":false,"_monsterinsights_sitenote_note":"","_monsterinsights_sitenote_category":0,"footnotes":""},"class_list":["post-39","page","type-page","status-publish","hentry"],"yoast_head":"<!-- This site is optimized with the Yoast SEO plugin v27.5 - https:\/\/yoast.com\/product\/yoast-seo-wordpress\/ -->\n<title>Associations - saint-medard-la-rochette<\/title>\n<meta name=\"robots\" content=\"index, follow, max-snippet:-1, max-image-preview:large, max-video-preview:-1\" \/>\n<link rel=\"canonical\" href=\"https:\/\/www.saint-medard-la-rochette.fr\/?page_id=39\" \/>\n<meta property=\"og:locale\" content=\"fr_FR\" \/>\n<meta property=\"og:type\" content=\"article\" \/>\n<meta property=\"og:title\" content=\"Associations - saint-medard-la-rochette\" \/>\n<meta property=\"og:description\" content=\"Associations ACCAAssociation Communale de Chasse Agre\u0301e\u0301eContact : Thierry JAMOT au 05 55 62 39 10 APERPIFAL\u2019association des parents d\u2019e\u0301le\u0300ves du regroupement pe\u0301dagogique intercommunal FOURNEAUX et ARS se mobilise chaque anne\u0301e et organise des manifestations afin de participer financie\u0300rement et humainement aux sorties et besoins scolaires de nos enfants. Contact : 06 95 20 90 10 [&hellip;]\" \/>\n<meta property=\"og:url\" content=\"https:\/\/www.saint-medard-la-rochette.fr\/?page_id=39\" \/>\n<meta property=\"og:site_name\" content=\"saint-medard-la-rochette\" \/>\n<meta property=\"article:modified_time\" content=\"2025-06-30T10:19:38+00:00\" \/>\n<meta name=\"twitter:card\" content=\"summary_large_image\" \/>\n<meta name=\"twitter:label1\" content=\"Dur\u00e9e de lecture estim\u00e9e\" \/>\n\t<meta name=\"twitter:data1\" content=\"3 minutes\" \/>\n<script type=\"application\/ld+json\" class=\"yoast-schema-graph\">{\"@context\":\"https:\\\/\\\/schema.org\",\"@graph\":[{\"@type\":\"WebPage\",\"@id\":\"https:\\\/\\\/www.saint-medard-la-rochette.fr\\\/?page_id=39\",\"url\":\"https:\\\/\\\/www.saint-medard-la-rochette.fr\\\/?page_id=39\",\"name\":\"Associations - saint-medard-la-rochette\",\"isPartOf\":{\"@id\":\"https:\\\/\\\/www.saint-medard-la-rochette.fr\\\/#website\"},\"datePublished\":\"2021-09-22T16:34:23+00:00\",\"dateModified\":\"2025-06-30T10:19:38+00:00\",\"breadcrumb\":{\"@id\":\"https:\\\/\\\/www.saint-medard-la-rochette.fr\\\/?page_id=39#breadcrumb\"},\"inLanguage\":\"fr-FR\",\"potentialAction\":[{\"@type\":\"ReadAction\",\"target\":[\"https:\\\/\\\/www.saint-medard-la-rochette.fr\\\/?page_id=39\"]}]},{\"@type\":\"BreadcrumbList\",\"@id\":\"https:\\\/\\\/www.saint-medard-la-rochette.fr\\\/?page_id=39#breadcrumb\",\"itemListElement\":[{\"@type\":\"ListItem\",\"position\":1,\"name\":\"Accueil\",\"item\":\"https:\\\/\\\/www.saint-medard-la-rochette.fr\\\/\"},{\"@type\":\"ListItem\",\"position\":2,\"name\":\"Associations\"}]},{\"@type\":\"WebSite\",\"@id\":\"https:\\\/\\\/www.saint-medard-la-rochette.fr\\\/#website\",\"url\":\"https:\\\/\\\/www.saint-medard-la-rochette.fr\\\/\",\"name\":\"saint-medard-la-rochette\",\"description\":\"Le site de la mairie de saint-medard-la-rochette\",\"publisher\":{\"@id\":\"https:\\\/\\\/www.saint-medard-la-rochette.fr\\\/#organization\"},\"potentialAction\":[{\"@type\":\"SearchAction\",\"target\":{\"@type\":\"EntryPoint\",\"urlTemplate\":\"https:\\\/\\\/www.saint-medard-la-rochette.fr\\\/?s={search_term_string}\"},\"query-input\":{\"@type\":\"PropertyValueSpecification\",\"valueRequired\":true,\"valueName\":\"search_term_string\"}}],\"inLanguage\":\"fr-FR\"},{\"@type\":\"Organization\",\"@id\":\"https:\\\/\\\/www.saint-medard-la-rochette.fr\\\/#organization\",\"name\":\"saint-medard-la-rochette\",\"url\":\"https:\\\/\\\/www.saint-medard-la-rochette.fr\\\/\",\"logo\":{\"@type\":\"ImageObject\",\"inLanguage\":\"fr-FR\",\"@id\":\"https:\\\/\\\/www.saint-medard-la-rochette.fr\\\/#\\\/schema\\\/logo\\\/image\\\/\",\"url\":\"https:\\\/\\\/www.saint-medard-la-rochette.fr\\\/wp-content\\\/uploads\\\/2021\\\/09\\\/cropped-Fichier-1.png\",\"contentUrl\":\"https:\\\/\\\/www.saint-medard-la-rochette.fr\\\/wp-content\\\/uploads\\\/2021\\\/09\\\/cropped-Fichier-1.png\",\"width\":397,\"height\":49,\"caption\":\"saint-medard-la-rochette\"},\"image\":{\"@id\":\"https:\\\/\\\/www.saint-medard-la-rochette.fr\\\/#\\\/schema\\\/logo\\\/image\\\/\"}}]}<\/script>\n<!-- \/ Yoast SEO plugin. -->","yoast_head_json":{"title":"Associations - saint-medard-la-rochette","robots":{"index":"index","follow":"follow","max-snippet":"max-snippet:-1","max-image-preview":"max-image-preview:large","max-video-preview":"max-video-preview:-1"},"canonical":"https:\/\/www.saint-medard-la-rochette.fr\/?page_id=39","og_locale":"fr_FR","og_type":"article","og_title":"Associations - saint-medard-la-rochette","og_description":"Associations ACCAAssociation Communale de Chasse Agre\u0301e\u0301eContact : Thierry JAMOT au 05 55 62 39 10 APERPIFAL\u2019association des parents d\u2019e\u0301le\u0300ves du regroupement pe\u0301dagogique intercommunal FOURNEAUX et ARS se mobilise chaque anne\u0301e et organise des manifestations afin de participer financie\u0300rement et humainement aux sorties et besoins scolaires de nos enfants. Contact : 06 95 20 90 10 [&hellip;]","og_url":"https:\/\/www.saint-medard-la-rochette.fr\/?page_id=39","og_site_name":"saint-medard-la-rochette","article_modified_time":"2025-06-30T10:19:38+00:00","twitter_card":"summary_large_image","twitter_misc":{"Dur\u00e9e de lecture estim\u00e9e":"3 minutes"},"schema":{"@context":"https:\/\/schema.org","@graph":[{"@type":"WebPage","@id":"https:\/\/www.saint-medard-la-rochette.fr\/?page_id=39","url":"https:\/\/www.saint-medard-la-rochette.fr\/?page_id=39","name":"Associations - saint-medard-la-rochette","isPartOf":{"@id":"https:\/\/www.saint-medard-la-rochette.fr\/#website"},"datePublished":"2021-09-22T16:34:23+00:00","dateModified":"2025-06-30T10:19:38+00:00","breadcrumb":{"@id":"https:\/\/www.saint-medard-la-rochette.fr\/?page_id=39#breadcrumb"},"inLanguage":"fr-FR","potentialAction":[{"@type":"ReadAction","target":["https:\/\/www.saint-medard-la-rochette.fr\/?page_id=39"]}]},{"@type":"BreadcrumbList","@id":"https:\/\/www.saint-medard-la-rochette.fr\/?page_id=39#breadcrumb","itemListElement":[{"@type":"ListItem","position":1,"name":"Accueil","item":"https:\/\/www.saint-medard-la-rochette.fr\/"},{"@type":"ListItem","position":2,"name":"Associations"}]},{"@type":"WebSite","@id":"https:\/\/www.saint-medard-la-rochette.fr\/#website","url":"https:\/\/www.saint-medard-la-rochette.fr\/","name":"saint-medard-la-rochette","description":"Le site de la mairie de saint-medard-la-rochette","publisher":{"@id":"https:\/\/www.saint-medard-la-rochette.fr\/#organization"},"potentialAction":[{"@type":"SearchAction","target":{"@type":"EntryPoint","urlTemplate":"https:\/\/www.saint-medard-la-rochette.fr\/?s={search_term_string}"},"query-input":{"@type":"PropertyValueSpecification","valueRequired":true,"valueName":"search_term_string"}}],"inLanguage":"fr-FR"},{"@type":"Organization","@id":"https:\/\/www.saint-medard-la-rochette.fr\/#organization","name":"saint-medard-la-rochette","url":"https:\/\/www.saint-medard-la-rochette.fr\/","logo":{"@type":"ImageObject","inLanguage":"fr-FR","@id":"https:\/\/www.saint-medard-la-rochette.fr\/#\/schema\/logo\/image\/","url":"https:\/\/www.saint-medard-la-rochette.fr\/wp-content\/uploads\/2021\/09\/cropped-Fichier-1.png","contentUrl":"https:\/\/www.saint-medard-la-rochette.fr\/wp-content\/uploads\/2021\/09\/cropped-Fichier-1.png","width":397,"height":49,"caption":"saint-medard-la-rochette"},"image":{"@id":"https:\/\/www.saint-medard-la-rochette.fr\/#\/schema\/logo\/image\/"}}]}},"_links":{"self":[{"href":"https:\/\/www.saint-medard-la-rochette.fr\/index.php?rest_route=\/wp\/v2\/pages\/39","targetHints":{"allow":["GET"]}}],"collection":[{"href":"https:\/\/www.saint-medard-la-rochette.fr\/index.php?rest_route=\/wp\/v2\/pages"}],"about":[{"href":"https:\/\/www.saint-medard-la-rochette.fr\/index.php?rest_route=\/wp\/v2\/types\/page"}],"author":[{"embeddable":true,"href":"https:\/\/www.saint-medard-la-rochette.fr\/index.php?rest_route=\/wp\/v2\/users\/1"}],"replies":[{"embeddable":true,"href":"https:\/\/www.saint-medard-la-rochette.fr\/index.php?rest_route=%2Fwp%2Fv2%2Fcomments&post=39"}],"version-history":[{"count":55,"href":"https:\/\/www.saint-medard-la-rochette.fr\/index.php?rest_route=\/wp\/v2\/pages\/39\/revisions"}],"predecessor-version":[{"id":1581,"href":"https:\/\/www.saint-medard-la-rochette.fr\/index.php?rest_route=\/wp\/v2\/pages\/39\/revisions\/1581"}],"wp:attachment":[{"href":"https:\/\/www.saint-medard-la-rochette.fr\/index.php?rest_route=%2Fwp%2Fv2%2Fmedia&parent=39"}],"curies":[{"name":"wp","href":"https:\/\/api.w.org\/{rel}","templated":true}]}}